hen 10229 is divided by 657.
374
Calculate the remainder when 36163 is divided by 36160.
3
What is the remainder when 100804 is divided by 43?
12
Calculate the remainder when 182316 is divided by 76.
68
What is the remainder when 3750402 is divided by 5?
2
What is the remainder when 7551 is divided by 1184?
447
What is the remainder when 311245 is divided by 76?
25
What is the remainder when 1399 is divided by 359?
322
Calculate the remainder when 319683 is divided by 106556.
15
Calculate the remainder when 8046 is divided by 227.
101
What is the remainder when 7582 is divided by 8?
6
Calculate the remainder when 7011 is divided by 174.
51
Calculate the remainder when 7563 is divided by 47.
43
Calculate the remainder when 90545 is divided by 31.
25
What is the remainder when 116368 is divided by 133?
126
Calculate the remainder when 42259 is divided by 246.
193
What is the remainder when 1323 is divided by 172?
119
Calculate the remainder when 1581 is divided by 477.
150
What is the remainder when 1186090 is divided by 637?
633
What is the remainder when 1181 is divided by 558?
65
What is the remainder when 60976 is divided by 1793?
14
Calculate the remainder when 1081 is divided by 1079.
2
What is the remainder when 164694 is divided by 309?
306
Calculate the remainder when 49180 is divided by 17.
16
What is the remainder when 2603 is divided by 2594?
9
Calculate the remainder when 365982 is divided by 40.
22
Calculate the remainder when 72114 is divided by 3003.
42
Calculate the remainder when 5363 is divided by 59.
53
What is the remainder when 252419 is divided by 131?
113
What is the remainder when 114216 is divided by 213?
48
Calculate the remainder when 126866 is divided by 10570.
26
What is the remainder when 419615 is divided by 9?
8
Calculate the remainder when 960 is divided by 208.
128
What is the remainder when 10266 is divided by 3112?
930
What is the remainder when 304787 is divided by 159?
143
Calculate the remainder when 372 is divided by 86.
28
What is the remainder when 24129 is divided by 8037?
18
Calculate the remainder when 1566478 is divided by 1464.
1462
Calculate the remainder when 2145 is divided by 28.
17
What is the remainder when 494 is divided by 177?
140
What is the remainder when 15446 is divided by 212?
182
What is the remainder when 17385 is divided by 187?
181
What is the remainder when 6025 is divided by 1203?
10
Calculate the remainder when 3754 is divided by 241.
139
Calculate the remainder when 822 is divided by 126.
66
What is the remainder when 31097 is divided by 59?
4
Calculate the remainder when 65875 is divided by 10975.
25
Calculate the remainder when 5533 is divided by 222.
205
Calculate the remainder when 156651 is divided by 17404.
15
What is the remainder when 283647 is divided by 512?
511
What is the remainder when 1774181 is divided by 18?
11
Calculate the remainder when 12117 is divided by 243.
210
What is the remainder when 9983 is divided by 551?
65
Calculate the remainder when 304781 is divided by 344.
341
Calculate the remainder when 156550 is divided by 505.
0
Calculate the remainder when 9366 is divided by 323.
322
What is the remainder when 748995 is divided by 33?
27
What is the remainder when 74757 is divided by 20?
17
What is the remainder when 4793 is divided by 532?
5
What is the remainder when 2812 is divided by 693?
40
What is the remainder when 258300 is divided by 188?
176
What is the remainder when 1423440 is divided by 692?
688
What is the remainder when 6666 is divided by 1464?
810
Calculate the remainder when 683201 is divided by 170791.
37
Calculate the remainder when 1609 is divided by 419.
352
What is the remainder when 906077 is divided by 11?
7
Calculate the remainder when 55694 is divided by 132.
122
What is the remainder when 27338 is divided by 434?
430
Calculate the remainder when 147321 is divided by 1473.
21
What is the remainder when 101065 is divided by 591?
4
Calculate the remainder when 52225 is divided by 63.
61
Calculate the remainder when 1318 is divided by 303.
106
Calculate the remainder when 470988 is divided by 19.
16
What is the remainder when 905 is divided by 835?
70
What is the remainder when 14291 is divided by 7027?
237
Calculate the remainder when 1668 is divided by 737.
194
Calculate the remainder when 1436 is divided by 240.
236
What is the remainder when 4674 is divided by 69?
51
What is the remainder when 5536 is divided by 1389?
1369
What is the remainder when 2907 is divided by 17?
0
What is the remainder when 10801 is divided by 2698?
9
What is the remainder when 6714 is divided by 6485?
229
Calculate the remainder when 76349 is divided by 1863.
1829
Calculate the remainder when 8853 is divided by 7546.
1307
Calculate the remainder when 13930 is divided by 517.
488
Calculate the remainder when 13724 is divided by 3599.
2927
Calculate the remainder when 170236 is divided by 14180.
76
Calculate the remainder when 38812 is divided by 12921.
49
Calculate the remainder when 10609 is divided by 379.
376
Calculate the remainder when 82660 is divided by 69.
67
What is the remainder when 4800 is divided by 432?
48
Calculate the remainder when 17090 is divided by 27.
26
What is the remainder when 84860 is divided by 78?
74
What is the remainder when 2530 is divided by 57?
22
Calculate the remainder when 4810 is divided by 49.
8
What is the remainder when 26195 is divided by 123?
119
Calculate the remainder when 1476 is divided by 199.
83
What is the remainder when 18010 is divided by 1801?
0
What is the remainder when 639811 is divided by 322?
319
Calculate the remainder when 1104819 is divided by 7037.
10
What is the remainder when 567 is divided by 257?
53
What is the remainder when 60597 is divided by 82?
81
What is the remainder when 3387 is divided by 5?
2
What is the remainder when 8835 is divided by 29?
19
What is the remainder when 9294839 is divided by 9?
8
Calculate the remainder when 20374 is divided by 6790.
4
What is the remainder when 1320474 is divided by 65?
64
Calculate the remainder when 6406 is divided by 6337.
69
What is the remainder when 394712 is divided by 19?
6
What is the remainder when 1616 is divided by 47?
18
Calculate the remainder when 38033 is divided by 40.
33
Calculate the remainder when 10939 is divided by 10820.
119
What is the remainder when 66370 is divided by 53?
14
Calculate the remainder when 748545 is divided by 811.
803
What is the remainder when 128262 is divided by 312?
30
Calculate the remainder when 15221 is divided by 317.
5
What is the remainder when 82041 is divided by 254?
253
Calculate the remainder when 8314 is divided by 376.
42
What is the remainder when 6141 is divided by 902?
729
What is the remainder when 1236 is divided by 360?
156
Calculate the remainder when 20564 is divided by 1580.
24
Calculate the remainder when 5763 is divided by 954.
39
What is the remainder when 134828 is divided by 560?
428
Calculate the remainder when 116097 is divided by 25.
22
What is the remainder when 3358 is divided by 240?
238
What is the remainder when 1551 is divided by 706?
139
Calculate the remainder when 132036 is divided by 5.
1
What is the remainder when 10475 is divided by 3471?
62
What is the remainder when 22439 is divided by 5605?
19
Calculate the remainder when 5085 is divided by 175.
10
Calculate the remainder when 2145 is divided by 350.
45
Calculate the remainder when 6364 is divided by 581.
554
What is the remainder when 3431 is divided by 248?
207
What is the remainder when 10132 is divided by 115?
12
What is the remainder when 2388 is divided by 37?
20
What is the remainder when 13428 is divided by 516?
12
Calculate the remainder when 13083 is divided by 9.
6
Calculate the remainder when 14746 is divided by 1843.
2
What is the remainder when 4933 is divided by 984?
13
Calculate the remainder when 7878 is divided by 95.
88
Calculate the remainder when 17760 is divided by 83.
81
What is the remainder when 58875 is divided by 275?
25
Calculate the remainder when 6285 is divided by 314.
5
What is the remainder when 31759 is divided by 20?
19
What is the remainder when 49417 is divided by 659?
651
Calculate the remainder when 61376 is divided by 90.
86
What is the remainder when 27233 is 